{"id":9,"date":"2024-11-11T09:22:49","date_gmt":"2024-11-11T12:22:49","guid":{"rendered":"https:\/\/arrancadafinal.isorecort.com.br\/?page_id=9"},"modified":"2024-12-20T16:51:24","modified_gmt":"2024-12-20T19:51:24","slug":"arrancada-final","status":"publish","type":"page","link":"https:\/\/arrancadafinal.isorecort.com.br\/","title":{"rendered":"Arrancada Final"},"content":{"rendered":"\t\t<div data-elementor-type=\"wp-page\" data-elementor-id=\"9\" class=\"elementor elementor-9\">\n\t\t\t\t<div class=\"elementor-element elementor-element-a256e5e e-flex e-con-boxed e-con e-parent\" data-id=\"a256e5e\" data-element_type=\"container\" data-settings=\"{&quot;background_background&quot;:&quot;classic&quot;}\">\n\t\t\t\t\t<div class=\"e-con-inner\">\n\t\t\t\t\t<\/div>\n\t\t\t\t<\/div>\n\t\t<div class=\"elementor-element elementor-element-ccc1f82 elementor-hidden-mobile e-flex e-con-boxed elementor-invisible e-con e-parent\" data-id=\"ccc1f82\" data-element_type=\"container\" data-settings=\"{&quot;animation&quot;:&quot;fadeInLeft&quot;}\">\n\t\t\t\t\t<div class=\"e-con-inner\">\n\t\t<div class=\"elementor-element elementor-element-d166b1f e-con-full e-flex e-con e-child\" data-id=\"d166b1f\" data-element_type=\"container\">\n\t\t\t\t<div class=\"elementor-element elementor-element-848a806 elementor-widget elementor-widget-image\" data-id=\"848a806\" data-element_type=\"widget\" data-widget_type=\"image.default\">\n\t\t\t\t\t\t\t\t\t\t\t\t\t\t\t<img decoding=\"async\" width=\"100\" height=\"100\" src=\"https:\/\/arrancadafinal.isorecort.com.br\/wp-content\/uploads\/2024\/11\/unnamed-file-1.png\" class=\"attachment-full size-full wp-image-20\" alt=\"\" \/>\t\t\t\t\t\t\t\t\t\t\t\t\t\t\t<\/div>\n\t\t\t\t<\/div>\n\t\t<div class=\"elementor-element elementor-element-a655c97 e-con-full e-flex e-con e-child\" data-id=\"a655c97\" data-element_type=\"container\">\n\t\t\t\t<div class=\"elementor-element elementor-element-1907bed elementor-widget elementor-widget-heading\" data-id=\"1907bed\" data-element_type=\"widget\" data-widget_type=\"heading.default\">\n\t\t\t\t\t<h2 class=\"elementor-heading-title elementor-size-default\">Times<\/h2>\t\t\t\t<\/div>\n\t\t\t\t<\/div>\n\t\t\t\t\t<\/div>\n\t\t\t\t<\/div>\n\t\t<div class=\"elementor-element elementor-element-852edfe e-grid elementor-hidden-desktop elementor-hidden-tablet e-con-boxed elementor-invisible e-con e-parent\" data-id=\"852edfe\" data-element_type=\"container\" data-settings=\"{&quot;animation&quot;:&quot;fadeInLeft&quot;,&quot;animation_mobile&quot;:&quot;fadeInLeft&quot;}\">\n\t\t\t\t\t<div class=\"e-con-inner\">\n\t\t<div class=\"elementor-element elementor-element-44cf1ca e-con-full e-flex e-con e-child\" data-id=\"44cf1ca\" data-element_type=\"container\">\n\t\t\t\t<div class=\"elementor-element elementor-element-65bff14 elementor-widget elementor-widget-image\" data-id=\"65bff14\" data-element_type=\"widget\" data-widget_type=\"image.default\">\n\t\t\t\t\t\t\t\t\t\t\t\t\t\t\t<img decoding=\"async\" width=\"100\" height=\"100\" src=\"https:\/\/arrancadafinal.isorecort.com.br\/wp-content\/uploads\/2024\/11\/unnamed-file-1.png\" class=\"attachment-full size-full wp-image-20\" alt=\"\" \/>\t\t\t\t\t\t\t\t\t\t\t\t\t\t\t<\/div>\n\t\t\t\t<\/div>\n\t\t<div class=\"elementor-element elementor-element-fd7fc9b e-con-full e-flex e-con e-child\" data-id=\"fd7fc9b\" data-element_type=\"container\">\n\t\t\t\t<div class=\"elementor-element elementor-element-a4aac07 elementor-widget elementor-widget-heading\" data-id=\"a4aac07\" data-element_type=\"widget\" data-widget_type=\"heading.default\">\n\t\t\t\t\t<h2 class=\"elementor-heading-title elementor-size-default\">Times<\/h2>\t\t\t\t<\/div>\n\t\t\t\t<\/div>\n\t\t\t\t\t<\/div>\n\t\t\t\t<\/div>\n\t\t<div class=\"elementor-element elementor-element-b3dbcd6 e-flex e-con-boxed elementor-invisible e-con e-parent\" data-id=\"b3dbcd6\" data-element_type=\"container\" data-settings=\"{&quot;animation&quot;:&quot;fadeInRight&quot;}\">\n\t\t\t\t\t<div class=\"e-con-inner\">\n\t\t<div class=\"elementor-element elementor-element-7514891 e-con-full e-flex e-con e-child\" data-id=\"7514891\" data-element_type=\"container\">\n\t\t\t\t<div class=\"elementor-element elementor-element-a509ec3 e-transform elementor-widget elementor-widget-image\" data-id=\"a509ec3\" data-element_type=\"widget\" data-settings=\"{&quot;_transform_scale_effect_hover&quot;:{&quot;unit&quot;:&quot;px&quot;,&quot;size&quot;:1.100000000000000088817841970012523233890533447265625,&quot;sizes&quot;:[]},&quot;_transform_scale_effect_hover_tablet&quot;:{&quot;unit&quot;:&quot;px&quot;,&quot;size&quot;:&quot;&quot;,&quot;sizes&quot;:[]},&quot;_transform_scale_effect_hover_mobile&quot;:{&quot;unit&quot;:&quot;px&quot;,&quot;size&quot;:&quot;&quot;,&quot;sizes&quot;:[]}}\" data-widget_type=\"image.default\">\n\t\t\t\t\t\t\t\t\t\t\t\t\t\t\t<img decoding=\"async\" src=\"https:\/\/arrancadafinal.isorecort.com.br\/wp-content\/uploads\/elementor\/thumbs\/Noemi-qwwhi8ug1ianyz20zjhefbdklevu00gqbwadnrocay.png\" title=\"Noemi\" alt=\"Noemi\" loading=\"lazy\" \/>\t\t\t\t\t\t\t\t\t\t\t\t\t\t\t<\/div>\n\t\t<div class=\"elementor-element elementor-element-3c59e9f e-con-full e-flex e-con e-child\" data-id=\"3c59e9f\" data-element_type=\"container\">\n\t\t\t\t<div class=\"elementor-element elementor-element-20ab6ad elementor-widget elementor-widget-heading\" data-id=\"20ab6ad\" data-element_type=\"widget\" data-widget_type=\"heading.default\">\n\t\t\t\t\t<h2 class=\"elementor-heading-title elementor-size-default\">NOEMI<\/h2>\t\t\t\t<\/div>\n\t\t\t\t<\/div>\n\t\t\t\t<\/div>\n\t\t<div class=\"elementor-element elementor-element-d380536 e-con-full e-flex e-con e-child\" data-id=\"d380536\" data-element_type=\"container\">\n\t\t\t\t<div class=\"elementor-element elementor-element-cfd5c49 e-transform elementor-widget elementor-widget-image\" data-id=\"cfd5c49\" data-element_type=\"widget\" data-settings=\"{&quot;_transform_scale_effect_hover&quot;:{&quot;unit&quot;:&quot;px&quot;,&quot;size&quot;:1.100000000000000088817841970012523233890533447265625,&quot;sizes&quot;:[]},&quot;_transform_scale_effect_hover_tablet&quot;:{&quot;unit&quot;:&quot;px&quot;,&quot;size&quot;:&quot;&quot;,&quot;sizes&quot;:[]},&quot;_transform_scale_effect_hover_mobile&quot;:{&quot;unit&quot;:&quot;px&quot;,&quot;size&quot;:&quot;&quot;,&quot;sizes&quot;:[]}}\" data-widget_type=\"image.default\">\n\t\t\t\t\t\t\t\t\t\t\t\t\t\t\t<img fetchpriority=\"high\" decoding=\"async\" width=\"292\" height=\"321\" src=\"https:\/\/arrancadafinal.isorecort.com.br\/wp-content\/uploads\/2024\/11\/Ronilson-2.png\" class=\"attachment-full size-full wp-image-25\" alt=\"\" srcset=\"https:\/\/arrancadafinal.isorecort.com.br\/wp-content\/uploads\/2024\/11\/Ronilson-2.png 292w, https:\/\/arrancadafinal.isorecort.com.br\/wp-content\/uploads\/2024\/11\/Ronilson-2-273x300.png 273w\" sizes=\"(max-width: 292px) 100vw, 292px\" \/>\t\t\t\t\t\t\t\t\t\t\t\t\t\t\t<\/div>\n\t\t<div class=\"elementor-element elementor-element-3aa7ba5 e-con-full e-flex e-con e-child\" data-id=\"3aa7ba5\" data-element_type=\"container\">\n\t\t\t\t<div class=\"elementor-element elementor-element-c929e63 elementor-widget elementor-widget-heading\" data-id=\"c929e63\" data-element_type=\"widget\" data-widget_type=\"heading.default\">\n\t\t\t\t\t<h2 class=\"elementor-heading-title elementor-size-default\">RONILSON<\/h2>\t\t\t\t<\/div>\n\t\t\t\t<\/div>\n\t\t\t\t<\/div>\n\t\t<div class=\"elementor-element elementor-element-f07322b e-con-full e-flex e-con e-child\" data-id=\"f07322b\" data-element_type=\"container\">\n\t\t\t\t<div class=\"elementor-element elementor-element-cc7a5dc e-transform elementor-widget elementor-widget-image\" data-id=\"cc7a5dc\" data-element_type=\"widget\" data-settings=\"{&quot;_transform_scale_effect_hover&quot;:{&quot;unit&quot;:&quot;px&quot;,&quot;size&quot;:1.100000000000000088817841970012523233890533447265625,&quot;sizes&quot;:[]},&quot;_transform_scale_effect_hover_tablet&quot;:{&quot;unit&quot;:&quot;px&quot;,&quot;size&quot;:&quot;&quot;,&quot;sizes&quot;:[]},&quot;_transform_scale_effect_hover_mobile&quot;:{&quot;unit&quot;:&quot;px&quot;,&quot;size&quot;:&quot;&quot;,&quot;sizes&quot;:[]}}\" data-widget_type=\"image.default\">\n\t\t\t\t\t\t\t\t\t\t\t\t\t\t\t<img decoding=\"async\" width=\"292\" height=\"321\" src=\"https:\/\/arrancadafinal.isorecort.com.br\/wp-content\/uploads\/2024\/11\/Odivaldo.png\" class=\"attachment-full size-full wp-image-24\" alt=\"\" srcset=\"https:\/\/arrancadafinal.isorecort.com.br\/wp-content\/uploads\/2024\/11\/Odivaldo.png 292w, https:\/\/arrancadafinal.isorecort.com.br\/wp-content\/uploads\/2024\/11\/Odivaldo-273x300.png 273w\" sizes=\"(max-width: 292px) 100vw, 292px\" \/>\t\t\t\t\t\t\t\t\t\t\t\t\t\t\t<\/div>\n\t\t<div class=\"elementor-element elementor-element-218d5c3 e-con-full e-flex e-con e-child\" data-id=\"218d5c3\" data-element_type=\"container\">\n\t\t\t\t<div class=\"elementor-element elementor-element-8dc1ecc elementor-widget elementor-widget-heading\" data-id=\"8dc1ecc\" data-element_type=\"widget\" data-widget_type=\"heading.default\">\n\t\t\t\t\t<h2 class=\"elementor-heading-title elementor-size-default\">ODIVALDO<\/h2>\t\t\t\t<\/div>\n\t\t\t\t<\/div>\n\t\t\t\t<\/div>\n\t\t\t\t\t<\/div>\n\t\t\t\t<\/div>\n\t\t<div class=\"elementor-element elementor-element-214bee5 e-grid elementor-hidden-desktop elementor-hidden-tablet e-con-boxed elementor-invisible e-con e-parent\" data-id=\"214bee5\" data-element_type=\"container\" data-settings=\"{&quot;animation&quot;:&quot;fadeInLeft&quot;}\">\n\t\t\t\t\t<div class=\"e-con-inner\">\n\t\t<div class=\"elementor-element elementor-element-d79b42a e-con-full e-flex e-con e-child\" data-id=\"d79b42a\" data-element_type=\"container\">\n\t\t\t\t<div class=\"elementor-element elementor-element-68973f3 elementor-widget elementor-widget-image\" data-id=\"68973f3\" data-element_type=\"widget\" data-widget_type=\"image.default\">\n\t\t\t\t\t\t\t\t\t\t\t\t\t\t\t<img decoding=\"async\" width=\"100\" height=\"100\" src=\"https:\/\/arrancadafinal.isorecort.com.br\/wp-content\/uploads\/2024\/11\/unnamed-file-1.png\" class=\"attachment-full size-full wp-image-20\" alt=\"\" \/>\t\t\t\t\t\t\t\t\t\t\t\t\t\t\t<\/div>\n\t\t\t\t<\/div>\n\t\t<div class=\"elementor-element elementor-element-83f8487 e-con-full e-flex e-con e-child\" data-id=\"83f8487\" data-element_type=\"container\">\n\t\t\t\t<div class=\"elementor-element elementor-element-36adfdb elementor-widget elementor-widget-heading\" data-id=\"36adfdb\" data-element_type=\"widget\" data-widget_type=\"heading.default\">\n\t\t\t\t\t<h2 class=\"elementor-heading-title elementor-size-default\">Ranking<\/h2>\t\t\t\t<\/div>\n\t\t\t\t<\/div>\n\t\t\t\t\t<\/div>\n\t\t\t\t<\/div>\n\t\t<div class=\"elementor-element elementor-element-3a8659d elementor-hidden-mobile e-flex e-con-boxed elementor-invisible e-con e-parent\" data-id=\"3a8659d\" data-element_type=\"container\" data-settings=\"{&quot;animation&quot;:&quot;fadeInLeft&quot;}\">\n\t\t\t\t\t<div class=\"e-con-inner\">\n\t\t<div class=\"elementor-element elementor-element-37779fb e-con-full e-flex e-con e-child\" data-id=\"37779fb\" data-element_type=\"container\">\n\t\t\t\t<div class=\"elementor-element elementor-element-43721a9 elementor-widget elementor-widget-image\" data-id=\"43721a9\" data-element_type=\"widget\" data-widget_type=\"image.default\">\n\t\t\t\t\t\t\t\t\t\t\t\t\t\t\t<img decoding=\"async\" width=\"100\" height=\"100\" src=\"https:\/\/arrancadafinal.isorecort.com.br\/wp-content\/uploads\/2024\/11\/unnamed-file-1.png\" class=\"attachment-full size-full wp-image-20\" alt=\"\" \/>\t\t\t\t\t\t\t\t\t\t\t\t\t\t\t<\/div>\n\t\t\t\t<\/div>\n\t\t<div class=\"elementor-element elementor-element-55ee464 e-con-full e-flex e-con e-child\" data-id=\"55ee464\" data-element_type=\"container\">\n\t\t\t\t<div class=\"elementor-element elementor-element-b8319d5 elementor-widget elementor-widget-heading\" data-id=\"b8319d5\" data-element_type=\"widget\" data-widget_type=\"heading.default\">\n\t\t\t\t\t<h2 class=\"elementor-heading-title elementor-size-default\">Ranking<\/h2>\t\t\t\t<\/div>\n\t\t\t\t<\/div>\n\t\t\t\t\t<\/div>\n\t\t\t\t<\/div>\n\t\t<div class=\"elementor-element elementor-element-277ee1a e-flex e-con-boxed elementor-invisible e-con e-parent\" data-id=\"277ee1a\" data-element_type=\"container\" data-settings=\"{&quot;animation&quot;:&quot;fadeInRight&quot;}\">\n\t\t\t\t\t<div class=\"e-con-inner\">\n\t\t\t\t<div class=\"elementor-element elementor-element-d484f14 elementor-widget elementor-widget-image\" data-id=\"d484f14\" data-element_type=\"widget\" data-widget_type=\"image.default\">\n\t\t\t\t\t\t\t\t\t\t\t\t\t\t\t<img loading=\"lazy\" decoding=\"async\" width=\"1136\" height=\"7348\" src=\"https:\/\/arrancadafinal.isorecort.com.br\/wp-content\/uploads\/2024\/12\/Ranking-1.png\" class=\"attachment-full size-full wp-image-197\" alt=\"\" srcset=\"https:\/\/arrancadafinal.isorecort.com.br\/wp-content\/uploads\/2024\/12\/Ranking-1.png 1136w, https:\/\/arrancadafinal.isorecort.com.br\/wp-content\/uploads\/2024\/12\/Ranking-1-768x4968.png 768w\" sizes=\"(max-width: 1136px) 100vw, 1136px\" \/>\t\t\t\t\t\t\t\t\t\t\t\t\t\t\t<\/div>\n\t\t\t\t\t<\/div>\n\t\t\t\t<\/div>\n\t\t<div class=\"elementor-element elementor-element-af1c038 e-grid elementor-hidden-desktop elementor-hidden-tablet e-con-boxed elementor-invisible e-con e-parent\" data-id=\"af1c038\" data-element_type=\"container\" data-settings=\"{&quot;animation&quot;:&quot;fadeInLeft&quot;}\">\n\t\t\t\t\t<div class=\"e-con-inner\">\n\t\t<div class=\"elementor-element elementor-element-02ebe01 e-con-full e-flex e-con e-child\" data-id=\"02ebe01\" data-element_type=\"container\">\n\t\t\t\t<div class=\"elementor-element elementor-element-ebac5a8 elementor-widget elementor-widget-image\" data-id=\"ebac5a8\" data-element_type=\"widget\" data-widget_type=\"image.default\">\n\t\t\t\t\t\t\t\t\t\t\t\t\t\t\t<img decoding=\"async\" width=\"100\" height=\"100\" src=\"https:\/\/arrancadafinal.isorecort.com.br\/wp-content\/uploads\/2024\/11\/unnamed-file-1.png\" class=\"attachment-full size-full wp-image-20\" alt=\"\" \/>\t\t\t\t\t\t\t\t\t\t\t\t\t\t\t<\/div>\n\t\t\t\t<\/div>\n\t\t<div class=\"elementor-element elementor-element-90c726f e-con-full e-flex e-con e-child\" data-id=\"90c726f\" data-element_type=\"container\">\n\t\t\t\t<div class=\"elementor-element elementor-element-ad81278 elementor-widget elementor-widget-heading\" data-id=\"ad81278\" data-element_type=\"widget\" data-widget_type=\"heading.default\">\n\t\t\t\t\t<h2 class=\"elementor-heading-title elementor-size-default\">Tabela de Pontua\u00e7\u00e3o<\/h2>\t\t\t\t<\/div>\n\t\t\t\t<\/div>\n\t\t\t\t\t<\/div>\n\t\t\t\t<\/div>\n\t\t<div class=\"elementor-element elementor-element-41c4d93 elementor-hidden-mobile e-flex e-con-boxed elementor-invisible e-con e-parent\" data-id=\"41c4d93\" data-element_type=\"container\" data-settings=\"{&quot;animation&quot;:&quot;fadeInLeft&quot;}\">\n\t\t\t\t\t<div class=\"e-con-inner\">\n\t\t<div class=\"elementor-element elementor-element-c872930 e-con-full e-flex e-con e-child\" data-id=\"c872930\" data-element_type=\"container\">\n\t\t\t\t<div class=\"elementor-element elementor-element-dc7bb2a elementor-widget elementor-widget-image\" data-id=\"dc7bb2a\" data-element_type=\"widget\" data-widget_type=\"image.default\">\n\t\t\t\t\t\t\t\t\t\t\t\t\t\t\t<img decoding=\"async\" width=\"100\" height=\"100\" src=\"https:\/\/arrancadafinal.isorecort.com.br\/wp-content\/uploads\/2024\/11\/unnamed-file-1.png\" class=\"attachment-full size-full wp-image-20\" alt=\"\" \/>\t\t\t\t\t\t\t\t\t\t\t\t\t\t\t<\/div>\n\t\t\t\t<\/div>\n\t\t<div class=\"elementor-element elementor-element-5710928 e-con-full e-flex e-con e-child\" data-id=\"5710928\" data-element_type=\"container\">\n\t\t\t\t<div class=\"elementor-element elementor-element-68dfd1c elementor-widget elementor-widget-heading\" data-id=\"68dfd1c\" data-element_type=\"widget\" data-widget_type=\"heading.default\">\n\t\t\t\t\t<h2 class=\"elementor-heading-title elementor-size-default\">Tabela de Pontua\u00e7\u00e3o<\/h2>\t\t\t\t<\/div>\n\t\t\t\t<\/div>\n\t\t\t\t\t<\/div>\n\t\t\t\t<\/div>\n\t\t<div class=\"elementor-element elementor-element-65dca80 e-flex e-con-boxed elementor-invisible e-con e-parent\" data-id=\"65dca80\" data-element_type=\"container\" data-settings=\"{&quot;animation&quot;:&quot;fadeInRight&quot;}\">\n\t\t\t\t\t<div class=\"e-con-inner\">\n\t\t\t\t<div class=\"elementor-element elementor-element-a1fe9fe elementor-widget elementor-widget-image\" data-id=\"a1fe9fe\" data-element_type=\"widget\" data-widget_type=\"image.default\">\n\t\t\t\t\t\t\t\t\t\t\t\t\t\t\t<img loading=\"lazy\" decoding=\"async\" width=\"1920\" height=\"1080\" src=\"https:\/\/arrancadafinal.isorecort.com.br\/wp-content\/uploads\/2024\/11\/Campanha_arrancada-final_pontuacao_isorecort-copiar.jpg\" class=\"attachment-full size-full wp-image-72\" alt=\"\" srcset=\"https:\/\/arrancadafinal.isorecort.com.br\/wp-content\/uploads\/2024\/11\/Campanha_arrancada-final_pontuacao_isorecort-copiar.jpg 1920w, https:\/\/arrancadafinal.isorecort.com.br\/wp-content\/uploads\/2024\/11\/Campanha_arrancada-final_pontuacao_isorecort-copiar-300x169.jpg 300w, https:\/\/arrancadafinal.isorecort.com.br\/wp-content\/uploads\/2024\/11\/Campanha_arrancada-final_pontuacao_isorecort-copiar-1024x576.jpg 1024w, https:\/\/arrancadafinal.isorecort.com.br\/wp-content\/uploads\/2024\/11\/Campanha_arrancada-final_pontuacao_isorecort-copiar-768x432.jpg 768w, https:\/\/arrancadafinal.isorecort.com.br\/wp-content\/uploads\/2024\/11\/Campanha_arrancada-final_pontuacao_isorecort-copiar-1536x864.jpg 1536w\" sizes=\"(max-width: 1920px) 100vw, 1920px\" \/>\t\t\t\t\t\t\t\t\t\t\t\t\t\t\t<\/div>\n\t\t\t\t\t<\/div>\n\t\t\t\t<\/div>\n\t\t<div class=\"elementor-element elementor-element-23400ed elementor-hidden-mobile e-flex e-con-boxed elementor-invisible e-con e-parent\" data-id=\"23400ed\" data-element_type=\"container\" data-settings=\"{&quot;animation&quot;:&quot;fadeInLeft&quot;}\">\n\t\t\t\t\t<div class=\"e-con-inner\">\n\t\t\t\t<div class=\"elementor-element elementor-element-89c6f0c elementor-widget elementor-widget-image\" data-id=\"89c6f0c\" data-element_type=\"widget\" data-widget_type=\"image.default\">\n\t\t\t\t\t\t\t\t\t\t\t\t\t\t\t<img loading=\"lazy\" decoding=\"async\" width=\"100\" height=\"100\" src=\"https:\/\/arrancadafinal.isorecort.com.br\/wp-content\/uploads\/2024\/11\/aspa-1.png\" class=\"attachment-full size-full wp-image-129\" alt=\"\" \/>\t\t\t\t\t\t\t\t\t\t\t\t\t\t\t<\/div>\n\t\t<div class=\"elementor-element elementor-element-14be58a e-con-full e-flex e-con e-child\" data-id=\"14be58a\" data-element_type=\"container\">\n\t\t\t\t<div class=\"elementor-element elementor-element-8e0359d elementor-widget elementor-widget-text-editor\" data-id=\"8e0359d\" data-element_type=\"widget\" data-widget_type=\"text-editor.default\">\n\t\t\t\t\t\t\t\t\t<p>Encare a corrida como um desafio pessoal. Acredite em si e prove que \u00e9 capaz de alcan\u00e7ar grandes conquistas.\u201d<\/p>\t\t\t\t\t\t\t\t<\/div>\n\t\t\t\t<\/div>\n\t\t\t\t\t<\/div>\n\t\t\t\t<\/div>\n\t\t<div class=\"elementor-element elementor-element-2bff60e e-grid elementor-hidden-desktop elementor-hidden-tablet e-con-boxed elementor-invisible e-con e-parent\" data-id=\"2bff60e\" data-element_type=\"container\" data-settings=\"{&quot;animation&quot;:&quot;fadeInLeft&quot;}\">\n\t\t\t\t\t<div class=\"e-con-inner\">\n\t\t\t\t<div class=\"elementor-element elementor-element-944e668 elementor-widget elementor-widget-image\" data-id=\"944e668\" data-element_type=\"widget\" data-widget_type=\"image.default\">\n\t\t\t\t\t\t\t\t\t\t\t\t\t\t\t<img loading=\"lazy\" decoding=\"async\" width=\"100\" height=\"100\" src=\"https:\/\/arrancadafinal.isorecort.com.br\/wp-content\/uploads\/2024\/11\/aspa-1.png\" class=\"attachment-full size-full wp-image-129\" alt=\"\" \/>\t\t\t\t\t\t\t\t\t\t\t\t\t\t\t<\/div>\n\t\t<div class=\"elementor-element elementor-element-a75d103 e-con-full e-flex e-con e-child\" data-id=\"a75d103\" data-element_type=\"container\">\n\t\t\t\t<div class=\"elementor-element elementor-element-b680550 elementor-widget elementor-widget-text-editor\" data-id=\"b680550\" data-element_type=\"widget\" data-widget_type=\"text-editor.default\">\n\t\t\t\t\t\t\t\t\t<p>Encare a corrida como um desafio pessoal. Acredite em si e prove que \u00e9 capaz de alcan\u00e7ar grandes conquistas.\u201d<\/p>\t\t\t\t\t\t\t\t<\/div>\n\t\t\t\t<\/div>\n\t\t\t\t\t<\/div>\n\t\t\t\t<\/div>\n\t\t<div class=\"elementor-element elementor-element-8c4b3c7 e-flex e-con-boxed elementor-invisible e-con e-parent\" data-id=\"8c4b3c7\" data-element_type=\"container\" data-settings=\"{&quot;animation&quot;:&quot;fadeInRight&quot;}\">\n\t\t\t\t\t<div class=\"e-con-inner\">\n\t\t\t\t<div class=\"elementor-element elementor-element-c278d01 elementor-widget elementor-widget-image\" data-id=\"c278d01\" data-element_type=\"widget\" data-widget_type=\"image.default\">\n\t\t\t\t\t\t\t\t\t\t\t\t\t\t\t<img loading=\"lazy\" decoding=\"async\" width=\"876\" height=\"178\" src=\"https:\/\/arrancadafinal.isorecort.com.br\/wp-content\/uploads\/2024\/11\/Logos.png\" class=\"attachment-full size-full wp-image-79\" alt=\"\" srcset=\"https:\/\/arrancadafinal.isorecort.com.br\/wp-content\/uploads\/2024\/11\/Logos.png 876w, https:\/\/arrancadafinal.isorecort.com.br\/wp-content\/uploads\/2024\/11\/Logos-300x61.png 300w, https:\/\/arrancadafinal.isorecort.com.br\/wp-content\/uploads\/2024\/11\/Logos-768x156.png 768w\" sizes=\"(max-width: 876px) 100vw, 876px\" \/>\t\t\t\t\t\t\t\t\t\t\t\t\t\t\t<\/div>\n\t\t\t\t\t<\/div>\n\t\t\t\t<\/div>\n\t\t\t\t<\/div>\n\t\t","protected":false},"excerpt":{"rendered":"<p>Times Times NOEMI RONILSON ODIVALDO Ranking Ranking Tabela de Pontua\u00e7\u00e3o Tabela de Pontua\u00e7\u00e3o Encare a corrida como um desafio pessoal. Acredite em si e prove que \u00e9 capaz de alcan\u00e7ar grandes conquistas.\u201d Encare a corrida como um desafio pessoal. Acredite em si e prove que \u00e9 capaz de alcan\u00e7ar grandes conquistas.\u201d<\/p>\n","protected":false},"author":1,"featured_media":0,"parent":0,"menu_order":0,"comment_status":"closed","ping_status":"closed","template":"","meta":{"footnotes":""},"class_list":["post-9","page","type-page","status-publish","hentry"],"_links":{"self":[{"href":"https:\/\/arrancadafinal.isorecort.com.br\/index.php?rest_route=\/wp\/v2\/pages\/9","targetHints":{"allow":["GET"]}}],"collection":[{"href":"https:\/\/arrancadafinal.isorecort.com.br\/index.php?rest_route=\/wp\/v2\/pages"}],"about":[{"href":"https:\/\/arrancadafinal.isorecort.com.br\/index.php?rest_route=\/wp\/v2\/types\/page"}],"author":[{"embeddable":true,"href":"https:\/\/arrancadafinal.isorecort.com.br\/index.php?rest_route=\/wp\/v2\/users\/1"}],"replies":[{"embeddable":true,"href":"https:\/\/arrancadafinal.isorecort.com.br\/index.php?rest_route=%2Fwp%2Fv2%2Fcomments&post=9"}],"version-history":[{"count":142,"href":"https:\/\/arrancadafinal.isorecort.com.br\/index.php?rest_route=\/wp\/v2\/pages\/9\/revisions"}],"predecessor-version":[{"id":200,"href":"https:\/\/arrancadafinal.isorecort.com.br\/index.php?rest_route=\/wp\/v2\/pages\/9\/revisions\/200"}],"wp:attachment":[{"href":"https:\/\/arrancadafinal.isorecort.com.br\/index.php?rest_route=%2Fwp%2Fv2%2Fmedia&parent=9"}],"curies":[{"name":"wp","href":"https:\/\/api.w.org\/{rel}","templated":true}]}}